{"id":3170,"date":"2023-12-20T17:44:44","date_gmt":"2023-12-20T20:44:44","guid":{"rendered":"https:\/\/www.editaonline.com.uy\/libros\/?post_type=product&#038;p=3170"},"modified":"2024-07-04T12:04:07","modified_gmt":"2024-07-04T15:04:07","slug":"el-lado-b-de-antonio","status":"publish","type":"product","link":"https:\/\/www.editaonline.com.uy\/libros\/producto\/el-lado-b-de-antonio\/","title":{"rendered":"El lado B de Antonio"},"content":{"rendered":"","protected":false},"excerpt":{"rendered":"<p>En <em>El lado B de Antonio<\/em>, Paula Iharur nos sumerge en una ficticia pero veros\u00edmil trama de la pol\u00edtica uruguaya contempor\u00e1nea, en el que las luchas de poder y las conspiraciones se entrelazan con intimidades marcadas por decisiones cruciales.<br \/>\nLa historia, aparentemente pol\u00edtica, se convierte en una profunda exploraci\u00f3n de la dualidad humana a trav\u00e9s de su protagonista, Antonio, un l\u00edder intr\u00e9pido que enfrenta una dolorosa metamorfosis en su vida.<\/p>\n<p>El tumultuoso regreso de Daniela confronta a Antonio con su peor error del pasado: la negaci\u00f3n de s\u00ed mismo. A medida que la historia se desenvuelve, las mujeres que lo rodean catalizan su transformaci\u00f3n, revelando las aut\u00e9nticas grietas de su ser.<\/p>\n<p>La narrativa, llena de giros inesperados, mantiene al lector en vilo hasta el final. La incorporaci\u00f3n de elementos simb\u00f3licos agrega capas de significado a la historia, lo que profundiza las complejidades emocionales de los personajes. M\u00e1s all\u00e1 de la pol\u00edtica, la novela ofrece una plataforma para reflexionar sobre las diversas formas de ser mujer hoy y las restricciones que la masculinidad hegem\u00f3nica les impone a los hombres. El lado B de Antonio trasciende el g\u00e9nero pol\u00edtico para invitarnos a presenciar el viaje, a la vez tortuoso y emancipador, de su protagonista hacia el encuentro de s\u00ed mismo.<\/p>\n","protected":false},"featured_media":3171,"comment_status":"closed","ping_status":"closed","template":"","meta":{"_coblocks_attr":"","_coblocks_dimensions":"","_coblocks_responsive_height":"","_coblocks_accordion_ie_support":"","_uag_custom_page_level_css":"","_monsterinsights_skip_tracking":false,"_monsterinsights_sitenote_active":false,"_monsterinsights_sitenote_note":"","_monsterinsights_sitenote_category":0},"product_brand":[],"product_cat":[31],"product_tag":[],"class_list":{"0":"post-3170","1":"product","2":"type-product","3":"status-publish","4":"has-post-thumbnail","6":"product_cat-libros","7":"resize-featured-image","8":"sales-flash-overlay","9":"woocommerce-text-align-center","10":"woocommerce-image-align-center","11":"do-quantity-buttons","13":"first","14":"instock","15":"taxable","16":"shipping-taxable","17":"purchasable","18":"product-type-simple"},"uagb_featured_image_src":{"full":["https:\/\/www.editaonline.com.uy\/libros\/wp-content\/uploads\/2023\/12\/Tapa-el-lado-B-de-Antonio.jpg",1764,2483,false],"thumbnail":["https:\/\/www.editaonline.com.uy\/libros\/wp-content\/uploads\/2023\/12\/Tapa-el-lado-B-de-Antonio-150x150.jpg",150,150,true],"medium":["https:\/\/www.editaonline.com.uy\/libros\/wp-content\/uploads\/2023\/12\/Tapa-el-lado-B-de-Antonio-213x300.jpg",213,300,true],"medium_large":["https:\/\/www.editaonline.com.uy\/libros\/wp-content\/uploads\/2023\/12\/Tapa-el-lado-B-de-Antonio-768x1081.jpg",768,1081,true],"large":["https:\/\/www.editaonline.com.uy\/libros\/wp-content\/uploads\/2023\/12\/Tapa-el-lado-B-de-Antonio-727x1024.jpg",727,1024,true],"1536x1536":["https:\/\/www.editaonline.com.uy\/libros\/wp-content\/uploads\/2023\/12\/Tapa-el-lado-B-de-Antonio-1091x1536.jpg",1091,1536,true],"2048x2048":["https:\/\/www.editaonline.com.uy\/libros\/wp-content\/uploads\/2023\/12\/Tapa-el-lado-B-de-Antonio-1455x2048.jpg",1455,2048,true],"woocommerce_thumbnail":["https:\/\/www.editaonline.com.uy\/libros\/wp-content\/uploads\/2023\/12\/Tapa-el-lado-B-de-Antonio-180x240.jpg",180,240,true],"woocommerce_single":["https:\/\/www.editaonline.com.uy\/libros\/wp-content\/uploads\/2023\/12\/Tapa-el-lado-B-de-Antonio-350x493.jpg",350,493,true],"woocommerce_gallery_thumbnail":["https:\/\/www.editaonline.com.uy\/libros\/wp-content\/uploads\/2023\/12\/Tapa-el-lado-B-de-Antonio-100x100.jpg",100,100,true]},"uagb_author_info":{"display_name":"Alejandro Pena","author_link":"https:\/\/www.editaonline.com.uy\/libros\/author\/"},"uagb_comment_info":0,"uagb_excerpt":"En El lado B de Antonio, Paula Iharur nos sumerge en una ficticia pero veros\u00edmil trama de la pol\u00edtica uruguaya contempor\u00e1nea, en el que las luchas de poder y las conspiraciones se entrelazan con intimidades marcadas por decisiones cruciales. La historia, aparentemente pol\u00edtica, se convierte en una profunda exploraci\u00f3n de la dualidad humana a trav\u00e9s&hellip;","_links":{"self":[{"href":"https:\/\/www.editaonline.com.uy\/libros\/wp-json\/wp\/v2\/product\/3170","targetHints":{"allow":["GET"]}}],"collection":[{"href":"https:\/\/www.editaonline.com.uy\/libros\/wp-json\/wp\/v2\/product"}],"about":[{"href":"https:\/\/www.editaonline.com.uy\/libros\/wp-json\/wp\/v2\/types\/product"}],"replies":[{"embeddable":true,"href":"https:\/\/www.editaonline.com.uy\/libros\/wp-json\/wp\/v2\/comments?post=3170"}],"wp:featuredmedia":[{"embeddable":true,"href":"https:\/\/www.editaonline.com.uy\/libros\/wp-json\/wp\/v2\/media\/3171"}],"wp:attachment":[{"href":"https:\/\/www.editaonline.com.uy\/libros\/wp-json\/wp\/v2\/media?parent=3170"}],"wp:term":[{"taxonomy":"product_brand","embeddable":true,"href":"https:\/\/www.editaonline.com.uy\/libros\/wp-json\/wp\/v2\/product_brand?post=3170"},{"taxonomy":"product_cat","embeddable":true,"href":"https:\/\/www.editaonline.com.uy\/libros\/wp-json\/wp\/v2\/product_cat?post=3170"},{"taxonomy":"product_tag","embeddable":true,"href":"https:\/\/www.editaonline.com.uy\/libros\/wp-json\/wp\/v2\/product_tag?post=3170"}],"curies":[{"name":"wp","href":"https:\/\/api.w.org\/{rel}","templated":true}]}}

<p>En <em>El lado B de Antonio</em>, Paula Iharur nos sumerge en una ficticia pero verosímil trama de la política uruguaya contemporánea, en el que las luchas de poder y las conspiraciones se entrelazan con intimidades marcadas por decisiones cruciales.<br />
La historia, aparentemente política, se convierte en una profunda exploración de la dualidad humana a través de su protagonista, Antonio, un líder intrépido que enfrenta una dolorosa metamorfosis en su vida.</p>
<p>El tumultuoso regreso de Daniela confronta a Antonio con su peor error del pasado: la negación de sí mismo. A medida que la historia se desenvuelve, las mujeres que lo rodean catalizan su transformación, revelando las auténticas grietas de su ser.</p>
<p>La narrativa, llena de giros inesperados, mantiene al lector en vilo hasta el final. La incorporación de elementos simbólicos agrega capas de significado a la historia, lo que profundiza las complejidades emocionales de los personajes. Más allá de la política, la novela ofrece una plataforma para reflexionar sobre las diversas formas de ser mujer hoy y las restricciones que la masculinidad hegemónica les impone a los hombres. El lado B de Antonio trasciende el género político para invitarnos a presenciar el viaje, a la vez tortuoso y emancipador, de su protagonista hacia el encuentro de sí mismo.</p>

En El lado B de Antonio, Paula Iharur nos sumerge en una ficticia pero verosímil trama de la política uruguaya contemporánea, en el que las luchas de poder y las conspiraciones se entrelazan con intimidades marcadas por decisiones cruciales. La historia, aparentemente política, se convierte en una profunda exploración de la dualidad humana a través&hellip;
