{"id":2649,"date":"2022-10-16T17:25:52","date_gmt":"2022-10-16T20:25:52","guid":{"rendered":"https:\/\/www.editaonline.com.uy\/libros\/?post_type=product&#038;p=2649"},"modified":"2024-07-04T12:04:08","modified_gmt":"2024-07-04T15:04:08","slug":"el-brillo-de-martina","status":"publish","type":"product","link":"https:\/\/www.editaonline.com.uy\/libros\/producto\/el-brillo-de-martina\/","title":{"rendered":"El brillo de Martina"},"content":{"rendered":"","protected":false},"excerpt":{"rendered":"<p><em>El brillo de Martina<\/em> es un cuento entra\u00f1able que nos enfrenta al dolor y tambi\u00e9n nos habla del amor y el cuidado de quienes est\u00e1n cerca para escuchar. Nos habla de lo dif\u00edcil que es animarse a pedir ayuda, pero nos ense\u00f1a que es posible hacerlo y que, cuando se logra, el sol comienza a brillar un poco.<\/p>\n<p>Este cuento es un trampol\u00edn para que ni\u00f1os y ni\u00f1as tomen impulso y se animen a pedir ayuda, se animen a buscar adultos dispuestos a escuchar, comprender, contener y proteger.<\/p>\n<p>Andrea Tuana Nageli<\/p>\n","protected":false},"featured_media":2788,"comment_status":"closed","ping_status":"closed","template":"","meta":{"_coblocks_attr":"","_coblocks_dimensions":"","_coblocks_responsive_height":"","_coblocks_accordion_ie_support":"","_uag_custom_page_level_css":"","_monsterinsights_skip_tracking":false,"_monsterinsights_sitenote_active":false,"_monsterinsights_sitenote_note":"","_monsterinsights_sitenote_category":0},"product_brand":[],"product_cat":[31],"product_tag":[],"class_list":{"0":"post-2649","1":"product","2":"type-product","3":"status-publish","4":"has-post-thumbnail","6":"product_cat-libros","7":"resize-featured-image","8":"sales-flash-overlay","9":"woocommerce-text-align-center","10":"woocommerce-image-align-center","11":"do-quantity-buttons","13":"first","14":"instock","15":"taxable","16":"shipping-taxable","17":"purchasable","18":"product-type-simple"},"uagb_featured_image_src":{"full":["https:\/\/www.editaonline.com.uy\/libros\/wp-content\/uploads\/2022\/10\/TapaElbrillodeMartinaTienda-1.jpg",1784,2495,false],"thumbnail":["https:\/\/www.editaonline.com.uy\/libros\/wp-content\/uploads\/2022\/10\/TapaElbrillodeMartinaTienda-1-150x150.jpg",150,150,true],"medium":["https:\/\/www.editaonline.com.uy\/libros\/wp-content\/uploads\/2022\/10\/TapaElbrillodeMartinaTienda-1-215x300.jpg",215,300,true],"medium_large":["https:\/\/www.editaonline.com.uy\/libros\/wp-content\/uploads\/2022\/10\/TapaElbrillodeMartinaTienda-1-768x1074.jpg",768,1074,true],"large":["https:\/\/www.editaonline.com.uy\/libros\/wp-content\/uploads\/2022\/10\/TapaElbrillodeMartinaTienda-1-732x1024.jpg",732,1024,true],"1536x1536":["https:\/\/www.editaonline.com.uy\/libros\/wp-content\/uploads\/2022\/10\/TapaElbrillodeMartinaTienda-1-1098x1536.jpg",1098,1536,true],"2048x2048":["https:\/\/www.editaonline.com.uy\/libros\/wp-content\/uploads\/2022\/10\/TapaElbrillodeMartinaTienda-1-1464x2048.jpg",1464,2048,true],"woocommerce_thumbnail":["https:\/\/www.editaonline.com.uy\/libros\/wp-content\/uploads\/2022\/10\/TapaElbrillodeMartinaTienda-1-180x240.jpg",180,240,true],"woocommerce_single":["https:\/\/www.editaonline.com.uy\/libros\/wp-content\/uploads\/2022\/10\/TapaElbrillodeMartinaTienda-1-350x489.jpg",350,489,true],"woocommerce_gallery_thumbnail":["https:\/\/www.editaonline.com.uy\/libros\/wp-content\/uploads\/2022\/10\/TapaElbrillodeMartinaTienda-1-100x100.jpg",100,100,true]},"uagb_author_info":{"display_name":"Fabian Xavier","author_link":"https:\/\/www.editaonline.com.uy\/libros\/author\/"},"uagb_comment_info":0,"uagb_excerpt":"El brillo de Martina es un cuento entra\u00f1able que nos enfrenta al dolor y tambi\u00e9n nos habla del amor y el cuidado de quienes est\u00e1n cerca para escuchar. Nos habla de lo dif\u00edcil que es animarse a pedir ayuda, pero nos ense\u00f1a que es posible hacerlo y que, cuando se logra, el sol comienza a&hellip;","_links":{"self":[{"href":"https:\/\/www.editaonline.com.uy\/libros\/wp-json\/wp\/v2\/product\/2649","targetHints":{"allow":["GET"]}}],"collection":[{"href":"https:\/\/www.editaonline.com.uy\/libros\/wp-json\/wp\/v2\/product"}],"about":[{"href":"https:\/\/www.editaonline.com.uy\/libros\/wp-json\/wp\/v2\/types\/product"}],"replies":[{"embeddable":true,"href":"https:\/\/www.editaonline.com.uy\/libros\/wp-json\/wp\/v2\/comments?post=2649"}],"wp:featuredmedia":[{"embeddable":true,"href":"https:\/\/www.editaonline.com.uy\/libros\/wp-json\/wp\/v2\/media\/2788"}],"wp:attachment":[{"href":"https:\/\/www.editaonline.com.uy\/libros\/wp-json\/wp\/v2\/media?parent=2649"}],"wp:term":[{"taxonomy":"product_brand","embeddable":true,"href":"https:\/\/www.editaonline.com.uy\/libros\/wp-json\/wp\/v2\/product_brand?post=2649"},{"taxonomy":"product_cat","embeddable":true,"href":"https:\/\/www.editaonline.com.uy\/libros\/wp-json\/wp\/v2\/product_cat?post=2649"},{"taxonomy":"product_tag","embeddable":true,"href":"https:\/\/www.editaonline.com.uy\/libros\/wp-json\/wp\/v2\/product_tag?post=2649"}],"curies":[{"name":"wp","href":"https:\/\/api.w.org\/{rel}","templated":true}]}}

<p><em>El brillo de Martina</em> es un cuento entrañable que nos enfrenta al dolor y también nos habla del amor y el cuidado de quienes están cerca para escuchar. Nos habla de lo difícil que es animarse a pedir ayuda, pero nos enseña que es posible hacerlo y que, cuando se logra, el sol comienza a brillar un poco.</p>
<p>Este cuento es un trampolín para que niños y niñas tomen impulso y se animen a pedir ayuda, se animen a buscar adultos dispuestos a escuchar, comprender, contener y proteger.</p>
<p>Andrea Tuana Nageli</p>

El brillo de Martina es un cuento entrañable que nos enfrenta al dolor y también nos habla del amor y el cuidado de quienes están cerca para escuchar. Nos habla de lo difícil que es animarse a pedir ayuda, pero nos enseña que es posible hacerlo y que, cuando se logra, el sol comienza a&hellip;
