{"id":2087,"date":"2021-08-11T20:33:26","date_gmt":"2021-08-11T23:33:26","guid":{"rendered":"https:\/\/www.editaonline.com.uy\/libros\/?post_type=product&#038;p=2087"},"modified":"2024-07-04T12:04:12","modified_gmt":"2024-07-04T15:04:12","slug":"la-nina-de-la-caja-rosa","status":"publish","type":"product","link":"https:\/\/www.editaonline.com.uy\/libros\/producto\/la-nina-de-la-caja-rosa\/","title":{"rendered":"La ni\u00f1a de la caja rosa"},"content":{"rendered":"","protected":false},"excerpt":{"rendered":"<p>Como nos introduce Mercedes Lafourcade en el pr\u00f3logo, &#8220;<em>La ni\u00f1a de la caja rosa<\/em> nos da la posibilidad de conocer una condici\u00f3n humana que trasciende lo org\u00e1nico para calar hondo en la dimensi\u00f3n social y cultural, porque impide el disfrute del alimento con m\u00e1s carga simb\u00f3lica de la humanidad: el pan.<br \/>\nNarrada desde la propia experiencia de la autora, nos muestra el proceso de duelo y aceptaci\u00f3n de la condici\u00f3n cel\u00edaca. Es una preciosa historia que nos moviliza y ense\u00f1a que algunas cajas pueden pesar demasiado, aunque solo contengan pasteles y merenguitos&#8221;.<\/p>\n","protected":false},"featured_media":2088,"comment_status":"closed","ping_status":"closed","template":"","meta":{"_coblocks_attr":"","_coblocks_dimensions":"","_coblocks_responsive_height":"","_coblocks_accordion_ie_support":"","_uag_custom_page_level_css":"","_monsterinsights_skip_tracking":false,"_monsterinsights_sitenote_active":false,"_monsterinsights_sitenote_note":"","_monsterinsights_sitenote_category":0},"product_brand":[],"product_cat":[31],"product_tag":[],"class_list":{"0":"post-2087","1":"product","2":"type-product","3":"status-publish","4":"has-post-thumbnail","6":"product_cat-libros","7":"resize-featured-image","8":"sales-flash-overlay","9":"woocommerce-text-align-center","10":"woocommerce-image-align-center","11":"do-quantity-buttons","13":"first","14":"instock","15":"taxable","16":"shipping-taxable","17":"purchasable","18":"product-type-simple"},"uagb_featured_image_src":{"full":["https:\/\/www.editaonline.com.uy\/libros\/wp-content\/uploads\/2021\/08\/Tapa-La-Nina-de-la-Caja-Rosa.jpg",1673,2362,false],"thumbnail":["https:\/\/www.editaonline.com.uy\/libros\/wp-content\/uploads\/2021\/08\/Tapa-La-Nina-de-la-Caja-Rosa-150x150.jpg",150,150,true],"medium":["https:\/\/www.editaonline.com.uy\/libros\/wp-content\/uploads\/2021\/08\/Tapa-La-Nina-de-la-Caja-Rosa-212x300.jpg",212,300,true],"medium_large":["https:\/\/www.editaonline.com.uy\/libros\/wp-content\/uploads\/2021\/08\/Tapa-La-Nina-de-la-Caja-Rosa-768x1084.jpg",768,1084,true],"large":["https:\/\/www.editaonline.com.uy\/libros\/wp-content\/uploads\/2021\/08\/Tapa-La-Nina-de-la-Caja-Rosa-725x1024.jpg",725,1024,true],"1536x1536":["https:\/\/www.editaonline.com.uy\/libros\/wp-content\/uploads\/2021\/08\/Tapa-La-Nina-de-la-Caja-Rosa-1088x1536.jpg",1088,1536,true],"2048x2048":["https:\/\/www.editaonline.com.uy\/libros\/wp-content\/uploads\/2021\/08\/Tapa-La-Nina-de-la-Caja-Rosa-1451x2048.jpg",1451,2048,true],"woocommerce_thumbnail":["https:\/\/www.editaonline.com.uy\/libros\/wp-content\/uploads\/2021\/08\/Tapa-La-Nina-de-la-Caja-Rosa-180x240.jpg",180,240,true],"woocommerce_single":["https:\/\/www.editaonline.com.uy\/libros\/wp-content\/uploads\/2021\/08\/Tapa-La-Nina-de-la-Caja-Rosa-350x494.jpg",350,494,true],"woocommerce_gallery_thumbnail":["https:\/\/www.editaonline.com.uy\/libros\/wp-content\/uploads\/2021\/08\/Tapa-La-Nina-de-la-Caja-Rosa-100x100.jpg",100,100,true]},"uagb_author_info":{"display_name":"Fabian Xavier","author_link":"https:\/\/www.editaonline.com.uy\/libros\/author\/"},"uagb_comment_info":0,"uagb_excerpt":"Como nos introduce Mercedes Lafourcade en el pr\u00f3logo, \"La ni\u00f1a de la caja rosa nos da la posibilidad de conocer una condici\u00f3n humana que trasciende lo org\u00e1nico para calar hondo en la dimensi\u00f3n social y cultural, porque impide el disfrute del alimento con m\u00e1s carga simb\u00f3lica de la humanidad: el pan. Narrada desde la propia&hellip;","_links":{"self":[{"href":"https:\/\/www.editaonline.com.uy\/libros\/wp-json\/wp\/v2\/product\/2087","targetHints":{"allow":["GET"]}}],"collection":[{"href":"https:\/\/www.editaonline.com.uy\/libros\/wp-json\/wp\/v2\/product"}],"about":[{"href":"https:\/\/www.editaonline.com.uy\/libros\/wp-json\/wp\/v2\/types\/product"}],"replies":[{"embeddable":true,"href":"https:\/\/www.editaonline.com.uy\/libros\/wp-json\/wp\/v2\/comments?post=2087"}],"wp:featuredmedia":[{"embeddable":true,"href":"https:\/\/www.editaonline.com.uy\/libros\/wp-json\/wp\/v2\/media\/2088"}],"wp:attachment":[{"href":"https:\/\/www.editaonline.com.uy\/libros\/wp-json\/wp\/v2\/media?parent=2087"}],"wp:term":[{"taxonomy":"product_brand","embeddable":true,"href":"https:\/\/www.editaonline.com.uy\/libros\/wp-json\/wp\/v2\/product_brand?post=2087"},{"taxonomy":"product_cat","embeddable":true,"href":"https:\/\/www.editaonline.com.uy\/libros\/wp-json\/wp\/v2\/product_cat?post=2087"},{"taxonomy":"product_tag","embeddable":true,"href":"https:\/\/www.editaonline.com.uy\/libros\/wp-json\/wp\/v2\/product_tag?post=2087"}],"curies":[{"name":"wp","href":"https:\/\/api.w.org\/{rel}","templated":true}]}}

La niña de la caja rosa

<p>Como nos introduce Mercedes Lafourcade en el prólogo, &#8220;<em>La niña de la caja rosa</em> nos da la posibilidad de conocer una condición humana que trasciende lo orgánico para calar hondo en la dimensión social y cultural, porque impide el disfrute del alimento con más carga simbólica de la humanidad: el pan.<br />
Narrada desde la propia experiencia de la autora, nos muestra el proceso de duelo y aceptación de la condición celíaca. Es una preciosa historia que nos moviliza y enseña que algunas cajas pueden pesar demasiado, aunque solo contengan pasteles y merenguitos&#8221;.</p>

Como nos introduce Mercedes Lafourcade en el prólogo, "La niña de la caja rosa nos da la posibilidad de conocer una condición humana que trasciende lo orgánico para calar hondo en la dimensión social y cultural, porque impide el disfrute del alimento con más carga simbólica de la humanidad: el pan. Narrada desde la propia&hellip;
