{"id":2937,"date":"2023-05-25T15:13:01","date_gmt":"2023-05-25T18:13:01","guid":{"rendered":"https:\/\/www.editaonline.com.uy\/libros\/?page_id=2937"},"modified":"2024-07-04T12:04:08","modified_gmt":"2024-07-04T15:04:08","slug":"info-concurso-2023","status":"publish","type":"page","link":"https:\/\/www.editaonline.com.uy\/libros\/info-concurso-2023\/","title":{"rendered":"Info Concurso 2023"},"content":{"rendered":"\n<section class=\"wp-block-uagb-section uagb-section__wrap uagb-section__background-undefined uagb-block-7cde42f3\"><div class=\"uagb-section__overlay\"><\/div><div class=\"uagb-section__inner-wrap\">\n<p class=\"has-text-align-center\">En este d\u00eda del libro, <mark style=\"background-color:rgba(0, 0, 0, 0);color:#006b56\" class=\"has-inline-color\"><strong>edit\u00e1online<\/strong> <\/mark>la \u00fanica editorial uruguaya a demanda, lanza la <strong><mark style=\"background-color:rgba(0, 0, 0, 0);color:#006b56\" class=\"has-inline-color\">cuarta edici\u00f3n de su concurso literario 2023<\/mark><\/strong>.<\/p>\n\n\n\n<p class=\"has-text-align-center\">Si siempre so\u00f1aste con publicar tu libro esta es tu oportunidad, <strong><mark style=\"background-color:rgba(0, 0, 0, 0);color:#006b56\" class=\"has-inline-color\"><strong>edit\u00e1online<\/strong> <\/mark><\/strong>vuelve a apostar e invertir en este concurso, con el impulso de activar y revitalizar la actividad editorial.<\/p>\n\n\n\n<p class=\"has-text-align-center\">\u00a1 An\u00f3tate, te esperamos !<\/p>\n\n\n\n<p class=\"has-text-align-center\"><strong><span style=\"color:#006b56\" class=\"has-inline-color\">IMPORTANTE<\/span><\/strong><\/p>\n\n\n\n<ul class=\"wp-block-list\">\n<li>Esta edici\u00f3n la integra un jurado de gran nivel que garantiza la calidad y profesionalismo del concurso, integrado por el\u00a0<strong>periodista Jaime Clara, la escritora Virginia M\u00f3rtola y la editora Mariana Monn\u00e9.<\/strong><\/li>\n\n\n\n<li>Podr\u00e1n participar todos los\/as autores\/as uruguayos, residentes en el pa\u00eds o en el exterior, y extranjeros residentes en Uruguay, mayores de 18 a\u00f1os.<\/li>\n\n\n\n<li>Se establecen estas categor\u00edas: cuentos y relatos; novelas; poes\u00eda; ensayos y divulgativos de inter\u00e9s general.<\/li>\n\n\n\n<li>El plazo de postulaci\u00f3n para este concurso vence el\u00a0<strong>31 de julio.<\/strong>\u00a0Se podr\u00e1n inscribir con una muestra de escritura directamente en el formulario de inscripci\u00f3n aqu\u00ed en la p\u00e1gina web.<\/li>\n\n\n\n<li>El resultado de la preselecci\u00f3n de los textos finalistas ser\u00e1 el 23 de agosto 2023.<\/li>\n<\/ul>\n\n\n\n<p class=\"has-text-align-center\"><strong><mark style=\"background-color:rgba(0, 0, 0, 0);color:#006b56\" class=\"has-inline-color\">LA GANADORA O EL GANADOR<\/mark><\/strong><\/p>\n\n\n\n<p class=\"has-text-align-center\">Recibir\u00e1 como premio la publicaci\u00f3n de su libro, presentaci\u00f3n y venta a demanda de su obra online en la plataforma <strong><mark style=\"background-color:rgba(0, 0, 0, 0);color:#006b56\" class=\"has-inline-color\"><strong>edit\u00e1online<\/strong><\/mark><\/strong>. Este premio incluye correcci\u00f3n editorial, dise\u00f1o del interior, de la cubierta y dise\u00f1o del perfil del autor en la plataforma <strong><mark style=\"background-color:rgba(0, 0, 0, 0);color:#006b56\" class=\"has-inline-color\"><strong>edit\u00e1online<\/strong><\/mark><\/strong>.<\/p>\n\n\n\n<div class=\"wp-block-buttons alignwide is-horizontal is-content-justification-center is-layout-flex wp-container-core-buttons-is-layout-499968f5 wp-block-buttons-is-layout-flex\">\n<div class=\"wp-block-button\"><a class=\"wp-block-button__link wp-element-button\" href=\"https:\/\/www.editaonline.com.uy\/libros\/2023\/05\/25\/bases-4\/\">Bases y condiciones<\/a><\/div>\n<\/div>\n<\/div><\/section>\n\n\n<div class=\"wp-block-image\">\n<figure class=\"aligncenter size-large is-resized\"><img loading=\"lazy\" decoding=\"async\" src=\"https:\/\/www.editaonline.com.uy\/libros\/wp-content\/uploads\/2022\/05\/Logo_editaonline_2022-1024x256.jpg\" alt=\"\" class=\"wp-image-2375\" width=\"512\" height=\"128\" srcset=\"https:\/\/www.editaonline.com.uy\/libros\/wp-content\/uploads\/2022\/05\/Logo_editaonline_2022-1024x256.jpg 1024w, https:\/\/www.editaonline.com.uy\/libros\/wp-content\/uploads\/2022\/05\/Logo_editaonline_2022-300x75.jpg 300w, https:\/\/www.editaonline.com.uy\/libros\/wp-content\/uploads\/2022\/05\/Logo_editaonline_2022-768x192.jpg 768w, https:\/\/www.editaonline.com.uy\/libros\/wp-content\/uploads\/2022\/05\/Logo_editaonline_2022-1536x384.jpg 1536w, https:\/\/www.editaonline.com.uy\/libros\/wp-content\/uploads\/2022\/05\/Logo_editaonline_2022-350x88.jpg 350w, https:\/\/www.editaonline.com.uy\/libros\/wp-content\/uploads\/2022\/05\/Logo_editaonline_2022.jpg 1575w\" sizes=\"auto, (max-width: 512px) 100vw, 512px\" \/><\/figure>\n<\/div>","protected":false},"excerpt":{"rendered":"","protected":false},"author":3,"featured_media":0,"parent":0,"menu_order":0,"comment_status":"closed","ping_status":"closed","template":"","meta":{"_coblocks_attr":"","_coblocks_dimensions":"","_coblocks_responsive_height":"","_coblocks_accordion_ie_support":"","_uag_custom_page_level_css":"","_monsterinsights_skip_tracking":false,"_monsterinsights_sitenote_active":false,"_monsterinsights_sitenote_note":"","_monsterinsights_sitenote_category":0,"footnotes":""},"class_list":["post-2937","page","type-page","status-publish"],"uagb_featured_image_src":{"full":false,"thumbnail":false,"medium":false,"medium_large":false,"large":false,"1536x1536":false,"2048x2048":false,"woocommerce_thumbnail":false,"woocommerce_single":false,"woocommerce_gallery_thumbnail":false},"uagb_author_info":{"display_name":"Fabian Xavier","author_link":"https:\/\/www.editaonline.com.uy\/libros\/author\/fabian-xaviergmail-com\/"},"uagb_comment_info":0,"uagb_excerpt":null,"_links":{"self":[{"href":"https:\/\/www.editaonline.com.uy\/libros\/wp-json\/wp\/v2\/pages\/2937","targetHints":{"allow":["GET"]}}],"collection":[{"href":"https:\/\/www.editaonline.com.uy\/libros\/wp-json\/wp\/v2\/pages"}],"about":[{"href":"https:\/\/www.editaonline.com.uy\/libros\/wp-json\/wp\/v2\/types\/page"}],"author":[{"embeddable":true,"href":"https:\/\/www.editaonline.com.uy\/libros\/wp-json\/wp\/v2\/users\/3"}],"replies":[{"embeddable":true,"href":"https:\/\/www.editaonline.com.uy\/libros\/wp-json\/wp\/v2\/comments?post=2937"}],"version-history":[{"count":2,"href":"https:\/\/www.editaonline.com.uy\/libros\/wp-json\/wp\/v2\/pages\/2937\/revisions"}],"predecessor-version":[{"id":2943,"href":"https:\/\/www.editaonline.com.uy\/libros\/wp-json\/wp\/v2\/pages\/2937\/revisions\/2943"}],"wp:attachment":[{"href":"https:\/\/www.editaonline.com.uy\/libros\/wp-json\/wp\/v2\/media?parent=2937"}],"curies":[{"name":"wp","href":"https:\/\/api.w.org\/{rel}","templated":true}]}}

<section class="wp-block-uagb-section uagb-section__wrap uagb-section__background-undefined uagb-block-7cde42f3"><div class="uagb-section__overlay"></div><div class="uagb-section__inner-wrap">
<p class="has-text-align-center">En este día del libro, <mark style="background-color:rgba(0, 0, 0, 0);color:#006b56" class="has-inline-color"><strong>editáonline</strong> </mark>la única editorial uruguaya a demanda, lanza la <strong><mark style="background-color:rgba(0, 0, 0, 0);color:#006b56" class="has-inline-color">cuarta edición de su concurso literario 2023</mark></strong>.</p>



<p class="has-text-align-center">Si siempre soñaste con publicar tu libro esta es tu oportunidad, <strong><mark style="background-color:rgba(0, 0, 0, 0);color:#006b56" class="has-inline-color"><strong>editáonline</strong> </mark></strong>vuelve a apostar e invertir en este concurso, con el impulso de activar y revitalizar la actividad editorial.</p>



<p class="has-text-align-center">¡ Anótate, te esperamos !</p>



<p class="has-text-align-center"><strong><span style="color:#006b56" class="has-inline-color">IMPORTANTE</span></strong></p>



<ul class="wp-block-list">
<li>Esta edición la integra un jurado de gran nivel que garantiza la calidad y profesionalismo del concurso, integrado por el <strong>periodista Jaime Clara, la escritora Virginia Mórtola y la editora Mariana Monné.</strong></li>



<li>Podrán participar todos los/as autores/as uruguayos, residentes en el país o en el exterior, y extranjeros residentes en Uruguay, mayores de 18 años.</li>



<li>Se establecen estas categorías: cuentos y relatos; novelas; poesía; ensayos y divulgativos de interés general.</li>



<li>El plazo de postulación para este concurso vence el <strong>31 de julio.</strong> Se podrán inscribir con una muestra de escritura directamente en el formulario de inscripción aquí en la página web.</li>



<li>El resultado de la preselección de los textos finalistas será el 23 de agosto 2023.</li>
</ul>



<p class="has-text-align-center"><strong><mark style="background-color:rgba(0, 0, 0, 0);color:#006b56" class="has-inline-color">LA GANADORA O EL GANADOR</mark></strong></p>



<p class="has-text-align-center">Recibirá como premio la publicación de su libro, presentación y venta a demanda de su obra online en la plataforma <strong><mark style="background-color:rgba(0, 0, 0, 0);color:#006b56" class="has-inline-color"><strong>editáonline</strong></mark></strong>. Este premio incluye corrección editorial, diseño del interior, de la cubierta y diseño del perfil del autor en la plataforma <strong><mark style="background-color:rgba(0, 0, 0, 0);color:#006b56" class="has-inline-color"><strong>editáonline</strong></mark></strong>.</p>



<div class="wp-block-buttons alignwide is-horizontal is-content-justification-center is-layout-flex wp-container-core-buttons-is-layout-499968f5 wp-block-buttons-is-layout-flex">
<div class="wp-block-button"><a class="wp-block-button__link wp-element-button" href="https://www.editaonline.com.uy/libros/2023/05/25/bases-4/">Bases y condiciones</a></div>
</div>
</div></section>


<div class="wp-block-image">
<figure class="aligncenter size-large is-resized"><img loading="lazy" decoding="async" src="https://www.editaonline.com.uy/libros/wp-content/uploads/2022/05/Logo_editaonline_2022-1024x256.jpg" alt="" class="wp-image-2375" width="512" height="128" srcset="https://www.editaonline.com.uy/libros/wp-content/uploads/2022/05/Logo_editaonline_2022-1024x256.jpg 1024w, https://www.editaonline.com.uy/libros/wp-content/uploads/2022/05/Logo_editaonline_2022-300x75.jpg 300w, https://www.editaonline.com.uy/libros/wp-content/uploads/2022/05/Logo_editaonline_2022-768x192.jpg 768w, https://www.editaonline.com.uy/libros/wp-content/uploads/2022/05/Logo_editaonline_2022-1536x384.jpg 1536w, https://www.editaonline.com.uy/libros/wp-content/uploads/2022/05/Logo_editaonline_2022-350x88.jpg 350w, https://www.editaonline.com.uy/libros/wp-content/uploads/2022/05/Logo_editaonline_2022.jpg 1575w" sizes="auto, (max-width: 512px) 100vw, 512px" /></figure>
</div>
