{"id":2571,"date":"2022-08-22T21:20:49","date_gmt":"2022-08-23T00:20:49","guid":{"rendered":"https:\/\/www.editaonline.com.uy\/libros\/?page_id=2571"},"modified":"2024-07-04T12:04:09","modified_gmt":"2024-07-04T15:04:09","slug":"preseleccionados-2022","status":"publish","type":"page","link":"https:\/\/www.editaonline.com.uy\/libros\/preseleccionados-2022\/","title":{"rendered":"Preseleccionados 2022"},"content":{"rendered":"\n<p><\/p>\n\n\n\n<p><\/p>\n\n\n\n<h3 class=\"has-text-align-center has-text-color wp-block-heading\" style=\"color:#009c82\"><strong><mark style=\"background-color:rgba(0, 0, 0, 0);color:#006b56\" class=\"has-inline-color\">Agradecemos a las autoras y autores que participaron en nuestro <\/mark><\/strong><br><strong><mark style=\"background-color:rgba(0, 0, 0, 0);color:#006b56\" class=\"has-inline-color\">tercer concurso literario 2022<\/mark><\/strong> <strong><mark style=\"background-color:rgba(0, 0, 0, 0);color:#006b56\" class=\"has-inline-color\">y nos enviaron sus obras para ser evaluadas.<\/mark><\/strong><\/h3>\n\n\n\n<p class=\"has-text-align-center\"><\/p>\n\n\n\n<p class=\"has-text-align-center\">En una ardua tarea del jurado, debido al nivel de los textos recibidos, les detallamos los trabajos que han sido preseleccionados para pasar a la etapa final del concurso.<br><br>En la pr\u00f3xima instancia, los preseleccionados deber\u00e1n enviar la totalidad de su obra, antes del 31 de agosto, al mail info@editaonline.com.uy con el asunto <br>OBRA COMPLETA y el nombre de la obra. <br>En el cuerpo del mail deber\u00e1n figurar el t\u00edtulo de la obra y el seud\u00f3nimo del autor. <br>Deber\u00e1n adjuntar la obra en archivo de Word, tipograf\u00eda Times New Roman, cuerpo 12, interlineado de 1,5 puntos.<\/p>\n\n\n\n<p class=\"has-text-align-center\"><\/p>\n\n\n\n<figure class=\"wp-block-table is-style-stripes\"><table class=\"has-fixed-layout\"><thead><tr><th class=\"has-text-align-right\" data-align=\"right\">T\u00edtulo de la obra<\/th><th class=\"has-text-align-left\" data-align=\"left\">Seud\u00f3nimo<\/th><\/tr><\/thead><tbody><tr><td class=\"has-text-align-right\" data-align=\"right\"><em>Acercando mundos (cr\u00f3nicas de Am\u00e9rica en bicicleta)<\/em><\/td><td class=\"has-text-align-left\" data-align=\"left\">El Omb\u00fa<\/td><\/tr><tr><td class=\"has-text-align-right\" data-align=\"right\">DeTal<\/td><td class=\"has-text-align-left\" data-align=\"left\">Marciano Durabor<\/td><\/tr><tr><td class=\"has-text-align-right\" data-align=\"right\"><em>El amor es amarillo (cr\u00f3nica de una desilusi\u00f3n) y otras estampas<\/em><\/td><td class=\"has-text-align-left\" data-align=\"left\">Ardago<\/td><\/tr><tr><td class=\"has-text-align-right\" data-align=\"right\"><em>El lado B de Antonio<\/em><\/td><td class=\"has-text-align-left\" data-align=\"left\">PIF<\/td><\/tr><tr><td class=\"has-text-align-right\" data-align=\"right\"><em>Las plumas de Miguel \u00c1ngel<\/em><\/td><td class=\"has-text-align-left\" data-align=\"left\">Gaby<\/td><\/tr><tr><td class=\"has-text-align-right\" data-align=\"right\"><em>Lo que desenterr\u00f3 tu aniversario<\/em><\/td><td class=\"has-text-align-left\" data-align=\"left\">FedeC<\/td><\/tr><tr><td class=\"has-text-align-right\" data-align=\"right\"><em>Los d\u00e9biles de veras<\/em><\/td><td class=\"has-text-align-left\" data-align=\"left\">Monsieur Le Blanc<\/td><\/tr><tr><td class=\"has-text-align-right\" data-align=\"right\"><em>Los d\u00edas de Paco: &#8220;Mi vecina do\u00f1a Clotilde&#8221;<\/em><\/td><td class=\"has-text-align-left\" data-align=\"left\">Linda Oliver<\/td><\/tr><tr><td class=\"has-text-align-right\" data-align=\"right\"><em>Los secretos del Guaviy\u00fa<\/em><\/td><td class=\"has-text-align-left\" data-align=\"left\">Artemisa<\/td><\/tr><tr><td class=\"has-text-align-right\" data-align=\"right\"><em>Por un ojo de agua<\/em><\/td><td class=\"has-text-align-left\" data-align=\"left\">Agua Clara<\/td><\/tr><tr><td class=\"has-text-align-right\" data-align=\"right\"><em>\u00bfQuieres ser libre?<\/em><\/td><td class=\"has-text-align-left\" data-align=\"left\">Lisandro de la Villa<\/td><\/tr><\/tbody><\/table><\/figure>\n","protected":false},"excerpt":{"rendered":"<p>Agradecemos a las autoras y autores que participaron en nuestro tercer concurso literario 2022 y nos enviaron sus obras para ser evaluadas. En una ardua tarea del jurado, debido al nivel de los textos recibidos, les detallamos los trabajos que han sido preseleccionados para pasar a la etapa final del concurso. En la pr\u00f3xima instancia, los preseleccionados deber\u00e1n enviar la totalidad de su obra, antes del 31 de agosto, al mail info@editaonline.com.uy con el asunto OBRA COMPLETA y el nombre de la obra. En el cuerpo del mail deber\u00e1n figurar el t\u00edtulo de la obra y el seud\u00f3nimo del autor. &#8230; <a title=\"Preseleccionados 2022\" class=\"read-more\" href=\"https:\/\/www.editaonline.com.uy\/libros\/preseleccionados-2022\/\" aria-label=\"Leer m\u00e1s sobre Preseleccionados 2022\">Leer m\u00e1s<\/a><\/p>\n","protected":false},"author":3,"featured_media":0,"parent":0,"menu_order":0,"comment_status":"closed","ping_status":"closed","template":"","meta":{"_coblocks_attr":"","_coblocks_dimensions":"","_coblocks_responsive_height":"","_coblocks_accordion_ie_support":"","_uag_custom_page_level_css":"","_monsterinsights_skip_tracking":false,"_monsterinsights_sitenote_active":false,"_monsterinsights_sitenote_note":"","_monsterinsights_sitenote_category":0,"footnotes":""},"class_list":["post-2571","page","type-page","status-publish"],"uagb_featured_image_src":{"full":false,"thumbnail":false,"medium":false,"medium_large":false,"large":false,"1536x1536":false,"2048x2048":false,"woocommerce_thumbnail":false,"woocommerce_single":false,"woocommerce_gallery_thumbnail":false},"uagb_author_info":{"display_name":"Fabian Xavier","author_link":"https:\/\/www.editaonline.com.uy\/libros\/author\/fabian-xaviergmail-com\/"},"uagb_comment_info":0,"uagb_excerpt":"Agradecemos a las autoras y autores que participaron en nuestro tercer concurso literario 2022 y nos enviaron sus obras para ser evaluadas. En una ardua tarea del jurado, debido al nivel de los textos recibidos, les detallamos los trabajos que han sido preseleccionados para pasar a la etapa final del concurso. En la pr\u00f3xima instancia,&hellip;","_links":{"self":[{"href":"https:\/\/www.editaonline.com.uy\/libros\/wp-json\/wp\/v2\/pages\/2571","targetHints":{"allow":["GET"]}}],"collection":[{"href":"https:\/\/www.editaonline.com.uy\/libros\/wp-json\/wp\/v2\/pages"}],"about":[{"href":"https:\/\/www.editaonline.com.uy\/libros\/wp-json\/wp\/v2\/types\/page"}],"author":[{"embeddable":true,"href":"https:\/\/www.editaonline.com.uy\/libros\/wp-json\/wp\/v2\/users\/3"}],"replies":[{"embeddable":true,"href":"https:\/\/www.editaonline.com.uy\/libros\/wp-json\/wp\/v2\/comments?post=2571"}],"version-history":[{"count":9,"href":"https:\/\/www.editaonline.com.uy\/libros\/wp-json\/wp\/v2\/pages\/2571\/revisions"}],"predecessor-version":[{"id":2593,"href":"https:\/\/www.editaonline.com.uy\/libros\/wp-json\/wp\/v2\/pages\/2571\/revisions\/2593"}],"wp:attachment":[{"href":"https:\/\/www.editaonline.com.uy\/libros\/wp-json\/wp\/v2\/media?parent=2571"}],"curies":[{"name":"wp","href":"https:\/\/api.w.org\/{rel}","templated":true}]}}