{"id":1691,"date":"2020-11-10T12:33:34","date_gmt":"2020-11-10T15:33:34","guid":{"rendered":"https:\/\/www.editaonline.com.uy\/libros\/?page_id=1691"},"modified":"2024-07-04T12:04:13","modified_gmt":"2024-07-04T15:04:13","slug":"queeseditaonline","status":"publish","type":"page","link":"https:\/\/www.editaonline.com.uy\/libros\/queeseditaonline\/","title":{"rendered":"que es editaonline?"},"content":{"rendered":"\n<p><\/p>\n\n\n\n<div class=\"wp-block-columns is-layout-flex wp-container-core-columns-is-layout-9d6595d7 wp-block-columns-is-layout-flex\">\n<div class=\"wp-block-column is-layout-flow wp-block-column-is-layout-flow\" style=\"flex-basis:20%\"><\/div>\n\n\n\n<div class=\"wp-block-column is-layout-flow wp-block-column-is-layout-flow\">\n<ul class=\"texto-editaonline is-style-default wp-block-list\"><li>Complet\u00e1 nuestro formulario web de solicitud.<\/li><li>Adjunt\u00e1 el archivo con el texto a publicar.<\/li><li>Te enviamos nuestra propuesta editorial con tiempos y costos por la realizaci\u00f3n del dise\u00f1o interior, ilustraci\u00f3n de tapa, correcci\u00f3n de estilo e inscripci\u00f3n de la obra.<\/li><li>Cuando nos das tu aprobaci\u00f3n de la propuesta, te enviamos nuestro contrato editorial.<\/li><li>Una vez firmado el contrato editorial, comenzamos a trabajar en tu obra y creamos tu perfil en nuestra web.<\/li><li>Una vez aprobado el libro se publica para la venta en nuestra plataforma online, el lector hace su compra, se imprime el libro y se le env\u00eda a su hogar.<\/li><li>Subimos la informaci\u00f3n de tus ventas a tu cuenta de usuario y se te liquidan tus regal\u00edas mensualmente.<\/li><\/ul>\n<\/div>\n\n\n\n<div class=\"wp-block-column is-layout-flow wp-block-column-is-layout-flow\" style=\"flex-basis:20%\"><\/div>\n<\/div>\n\n\n\n<hr class=\"wp-block-separator is-style-wide\"\/>\n\n\n\n<p class=\"has-text-align-center has-text-color\" style=\"font-size:1px;color:#ffffff\">.<\/p>\n\n\n\n<p class=\"has-text-align-center has-text-color\" style=\"color:#ffffff\">.<\/p>\n\n\n\n<div class=\"wp-block-columns is-layout-flex wp-container-core-columns-is-layout-9d6595d7 wp-block-columns-is-layout-flex\">\n<div class=\"wp-block-column is-layout-flow wp-block-column-is-layout-flow\">\n<p class=\"has-text-align-center has-custom-weight has-custom-lineheight has-custom-letterspacing mt-0 pt-0\" style=\"line-height:1;letter-spacing:1.5px;font-weight:bold;font-size:19px\"><span style=\"color:#006b56\" class=\"has-inline-color\">\u00bfQui\u00e9nes somos?<\/span><\/p>\n\n\n\n<div class=\"wp-block-image round_corner\"><figure class=\"aligncenter size-large is-resized\"><a href=\"https:\/\/www.editaonline.com.uy\/libros\/nuestra-empresa\/\"><img loading=\"lazy\" decoding=\"async\" src=\"https:\/\/www.editaonline.com.uy\/libros\/wp-content\/uploads\/2020\/11\/Cuadrado-Quienes-Somos.jpg\" alt=\"\" class=\"wp-image-1581\" width=\"248\" height=\"248\" srcset=\"https:\/\/www.editaonline.com.uy\/libros\/wp-content\/uploads\/2020\/11\/Cuadrado-Quienes-Somos.jpg 330w, https:\/\/www.editaonline.com.uy\/libros\/wp-content\/uploads\/2020\/11\/Cuadrado-Quienes-Somos-100x100.jpg 100w, https:\/\/www.editaonline.com.uy\/libros\/wp-content\/uploads\/2020\/11\/Cuadrado-Quienes-Somos-200x200.jpg 200w, https:\/\/www.editaonline.com.uy\/libros\/wp-content\/uploads\/2020\/11\/Cuadrado-Quienes-Somos-300x300.jpg 300w, https:\/\/www.editaonline.com.uy\/libros\/wp-content\/uploads\/2020\/11\/Cuadrado-Quienes-Somos-150x150.jpg 150w\" sizes=\"auto, (max-width: 248px) 100vw, 248px\" \/><\/a><\/figure><\/div>\n<\/div>\n\n\n\n<div class=\"wp-block-column is-layout-flow wp-block-column-is-layout-flow\">\n<p class=\"has-text-align-center has-custom-weight has-custom-lineheight has-custom-letterspacing mt-0 pt-0\" style=\"line-height:1;letter-spacing:1.5px;font-weight:bold;font-size:19px\"><span style=\"color:#006b56\" class=\"has-inline-color\">\u00bfC\u00f3mo funciona?<\/span><\/p>\n\n\n\n<div class=\"wp-block-image round_corner\"><figure class=\"aligncenter size-large is-resized\"><a href=\"https:\/\/www.editaonline.com.uy\/libros\/como-funciona\/\"><img loading=\"lazy\" decoding=\"async\" src=\"https:\/\/www.editaonline.com.uy\/libros\/wp-content\/uploads\/2020\/11\/Cuadrado-Novedades.jpg\" alt=\"\" class=\"wp-image-1586\" width=\"248\" height=\"248\" srcset=\"https:\/\/www.editaonline.com.uy\/libros\/wp-content\/uploads\/2020\/11\/Cuadrado-Novedades.jpg 330w, https:\/\/www.editaonline.com.uy\/libros\/wp-content\/uploads\/2020\/11\/Cuadrado-Novedades-100x100.jpg 100w, https:\/\/www.editaonline.com.uy\/libros\/wp-content\/uploads\/2020\/11\/Cuadrado-Novedades-200x200.jpg 200w, https:\/\/www.editaonline.com.uy\/libros\/wp-content\/uploads\/2020\/11\/Cuadrado-Novedades-300x300.jpg 300w, https:\/\/www.editaonline.com.uy\/libros\/wp-content\/uploads\/2020\/11\/Cuadrado-Novedades-150x150.jpg 150w\" sizes=\"auto, (max-width: 248px) 100vw, 248px\" \/><\/a><\/figure><\/div>\n<\/div>\n\n\n\n<div class=\"wp-block-column is-layout-flow wp-block-column-is-layout-flow\">\n<p class=\"has-text-align-center has-custom-weight has-custom-lineheight has-custom-letterspacing mt-0 pt-0\" style=\"line-height:1;letter-spacing:1.5px;font-weight:bold;font-size:19px\"><span style=\"color:#006b56\" class=\"has-inline-color\">Nuestros libros<\/span><\/p>\n\n\n\n<div class=\"wp-block-image round_corner\"><figure class=\"aligncenter size-large is-resized\"><a href=\"https:\/\/www.editaonline.com.uy\/libros\/tienda\/\"><img loading=\"lazy\" decoding=\"async\" src=\"https:\/\/www.editaonline.com.uy\/libros\/wp-content\/uploads\/2020\/11\/Cuadrado-Nuestros-Libros.jpg\" alt=\"\" class=\"wp-image-1587\" width=\"248\" height=\"248\" srcset=\"https:\/\/www.editaonline.com.uy\/libros\/wp-content\/uploads\/2020\/11\/Cuadrado-Nuestros-Libros.jpg 330w, https:\/\/www.editaonline.com.uy\/libros\/wp-content\/uploads\/2020\/11\/Cuadrado-Nuestros-Libros-100x100.jpg 100w, https:\/\/www.editaonline.com.uy\/libros\/wp-content\/uploads\/2020\/11\/Cuadrado-Nuestros-Libros-200x200.jpg 200w, https:\/\/www.editaonline.com.uy\/libros\/wp-content\/uploads\/2020\/11\/Cuadrado-Nuestros-Libros-300x300.jpg 300w, https:\/\/www.editaonline.com.uy\/libros\/wp-content\/uploads\/2020\/11\/Cuadrado-Nuestros-Libros-150x150.jpg 150w\" sizes=\"auto, (max-width: 248px) 100vw, 248px\" \/><\/a><\/figure><\/div>\n<\/div>\n<\/div>\n\n\n\n<p><\/p>\n","protected":false},"excerpt":{"rendered":"<p>Complet\u00e1 nuestro formulario web de solicitud. Adjunt\u00e1 el archivo con el texto a publicar. Te enviamos nuestra propuesta editorial con tiempos y costos por la realizaci\u00f3n del dise\u00f1o interior, ilustraci\u00f3n de tapa, correcci\u00f3n de estilo e inscripci\u00f3n de la obra. Cuando nos das tu aprobaci\u00f3n de la propuesta, te enviamos nuestro contrato editorial. Una vez firmado el contrato editorial, comenzamos a trabajar en tu obra y creamos tu perfil en nuestra web. Una vez aprobado el libro se publica para la venta en nuestra plataforma online, el lector hace su compra, se imprime el libro y se le env\u00eda a &#8230; <a title=\"que es editaonline?\" class=\"read-more\" href=\"https:\/\/www.editaonline.com.uy\/libros\/queeseditaonline\/\" aria-label=\"Leer m\u00e1s sobre que es editaonline?\">Leer m\u00e1s<\/a><\/p>\n","protected":false},"author":3,"featured_media":0,"parent":0,"menu_order":0,"comment_status":"closed","ping_status":"closed","template":"","meta":{"_coblocks_attr":"Georgia,","_coblocks_dimensions":"","_coblocks_responsive_height":"","_coblocks_accordion_ie_support":"","_uag_custom_page_level_css":"","_monsterinsights_skip_tracking":false,"_monsterinsights_sitenote_active":false,"_monsterinsights_sitenote_note":"","_monsterinsights_sitenote_category":0,"footnotes":""},"class_list":["post-1691","page","type-page","status-publish"],"uagb_featured_image_src":{"full":false,"thumbnail":false,"medium":false,"medium_large":false,"large":false,"1536x1536":false,"2048x2048":false,"woocommerce_thumbnail":false,"woocommerce_single":false,"woocommerce_gallery_thumbnail":false},"uagb_author_info":{"display_name":"Fabian Xavier","author_link":"https:\/\/www.editaonline.com.uy\/libros\/author\/fabian-xaviergmail-com\/"},"uagb_comment_info":0,"uagb_excerpt":"Complet\u00e1 nuestro formulario web de solicitud. Adjunt\u00e1 el archivo con el texto a publicar. Te enviamos nuestra propuesta editorial con tiempos y costos por la realizaci\u00f3n del dise\u00f1o interior, ilustraci\u00f3n de tapa, correcci\u00f3n de estilo e inscripci\u00f3n de la obra. Cuando nos das tu aprobaci\u00f3n de la propuesta, te enviamos nuestro contrato editorial. Una vez&hellip;","_links":{"self":[{"href":"https:\/\/www.editaonline.com.uy\/libros\/wp-json\/wp\/v2\/pages\/1691","targetHints":{"allow":["GET"]}}],"collection":[{"href":"https:\/\/www.editaonline.com.uy\/libros\/wp-json\/wp\/v2\/pages"}],"about":[{"href":"https:\/\/www.editaonline.com.uy\/libros\/wp-json\/wp\/v2\/types\/page"}],"author":[{"embeddable":true,"href":"https:\/\/www.editaonline.com.uy\/libros\/wp-json\/wp\/v2\/users\/3"}],"replies":[{"embeddable":true,"href":"https:\/\/www.editaonline.com.uy\/libros\/wp-json\/wp\/v2\/comments?post=1691"}],"version-history":[{"count":2,"href":"https:\/\/www.editaonline.com.uy\/libros\/wp-json\/wp\/v2\/pages\/1691\/revisions"}],"predecessor-version":[{"id":1693,"href":"https:\/\/www.editaonline.com.uy\/libros\/wp-json\/wp\/v2\/pages\/1691\/revisions\/1693"}],"wp:attachment":[{"href":"https:\/\/www.editaonline.com.uy\/libros\/wp-json\/wp\/v2\/media?parent=1691"}],"curies":[{"name":"wp","href":"https:\/\/api.w.org\/{rel}","templated":true}]}}